{"id":403,"date":"2020-05-19T17:40:06","date_gmt":"2020-05-19T15:40:06","guid":{"rendered":"https:\/\/www.canmoradedalt.com\/habitacions\/dobles\/"},"modified":"2023-08-03T18:39:29","modified_gmt":"2023-08-03T16:39:29","slug":"dobles","status":"publish","type":"page","link":"https:\/\/www.canmoradedalt.com\/ca\/habitacions\/dobles\/","title":{"rendered":"Dobles"},"content":{"rendered":"<div class=\"wpb-content-wrapper\"><p>[vc_row equal_height=&#8221;yes&#8221; content_placement=&#8221;middle&#8221;][vc_column width=&#8221;2\/3&#8243;][vc_single_image image=&#8221;182&#8243; img_size=&#8221;full&#8221;][vc_column_text]<\/p>\n<h3>DOBLES<\/h3>\n<p>Orientades a la muntanya, molt \u00e0mplies i tranquil\u00b7les, tot est\u00e0 cuidat fins a l\u2019\u00faltim detall. Totes estan equipades amb televisi\u00f3, Internet, caixa forta, minibar, assecador de cabells i llit de baranes per als m\u00e9s menuts (opcional). Aire condicionat. Bany complet equipat amb dutxa.[\/vc_column_text][\/vc_column][vc_column width=&#8221;1\/3&#8243; css=&#8221;.vc_custom_1589902216156{background-color: #f3e3d3 !important;}&#8221;]\n        <div class=\"row\">\n            <div class=\"col-md-12 custom-header\">\n                <h3>Reserva Online<\/h3>\n                <h4>Des de 145\u20ac<\/h4>\n                \n            <\/div>\n            <div class=\"vertical-line\"><\/div>\n        <\/div>\n        [vc_empty_space][vc_btn title=&#8221;RESERVAR&#8221; style=&#8221;outline-custom&#8221; outline_custom_color=&#8221;#435654&#8243; outline_custom_hover_background=&#8221;#435654&#8243; outline_custom_hover_text=&#8221;#e1e1c6&#8243; shape=&#8221;square&#8221; size=&#8221;lg&#8221; align=&#8221;center&#8221; i_type=&#8221;openiconic&#8221; i_icon_openiconic=&#8221;vc-oi vc-oi-calendar&#8221; add_icon=&#8221;true&#8221; link=&#8221;url:https%3A%2F%2Fbooking.hotelgest.com%2Fv3%2F%3Fpcode%3D231%26lang%3Dca|title:Suite%205|target:%20_blank|&#8221;][\/vc_column][\/vc_row][vc_row][vc_column][vc_empty_space]\n        <div class=\"row\">\n            <div class=\"col-md-12 custom-header\">\n                <h3>Galeria<\/h3>\n                <h4><\/h4>\n                \n            <\/div>\n            <div class=\"vertical-line\"><\/div>\n        <\/div>\n        [vc_empty_space][vc_media_grid element_width=&#8221;3&#8243; grid_id=&#8221;vc_gid:1691080742064-382ca507-a048-8&#8243; include=&#8221;181,180,179,178&#8243;][vc_empty_space][\/vc_column][\/vc_row]<\/p>\n<\/div>","protected":false},"excerpt":{"rendered":"<p>[vc_row equal_height=&#8221;yes&#8221; content_placement=&#8221;middle&#8221;][vc_column width=&#8221;2\/3&#8243;][vc_single_image image=&#8221;182&#8243; img_size=&#8221;full&#8221;][vc_column_text] DOBLES Orientades a la muntanya, molt \u00e0mplies i tranquil\u00b7les, tot est\u00e0 cuidat fins a l\u2019\u00faltim detall. Totes estan equipades amb televisi\u00f3, Internet, caixa forta, minibar, assecador de cabells i llit de baranes per als m\u00e9s menuts (opcional). Aire condicionat. Bany complet equipat amb dutxa.[\/vc_column_text][\/vc_column][vc_column width=&#8221;1\/3&#8243; css=&#8221;.vc_custom_1589902216156{background-color: #f3e3d3 !important;}&#8221;][vc_empty_space][vc_btn title=&#8221;RESERVAR&#8221; &hellip; <a href=\"https:\/\/www.canmoradedalt.com\/ca\/habitacions\/dobles\/\" class=\"more-link\">Continua llegint <span class=\"screen-reader-text\">\u00abDobles\u00bb<\/span><\/a><\/p>\n","protected":false},"author":1,"featured_media":404,"parent":373,"menu_order":0,"comment_status":"closed","ping_status":"closed","template":"","meta":{"footnotes":""},"class_list":["post-403","page","type-page","status-publish","has-post-thumbnail","hentry"],"_links":{"self":[{"href":"https:\/\/www.canmoradedalt.com\/ca\/wp-json\/wp\/v2\/pages\/403","targetHints":{"allow":["GET"]}}],"collection":[{"href":"https:\/\/www.canmoradedalt.com\/ca\/wp-json\/wp\/v2\/pages"}],"about":[{"href":"https:\/\/www.canmoradedalt.com\/ca\/wp-json\/wp\/v2\/types\/page"}],"author":[{"embeddable":true,"href":"https:\/\/www.canmoradedalt.com\/ca\/wp-json\/wp\/v2\/users\/1"}],"replies":[{"embeddable":true,"href":"https:\/\/www.canmoradedalt.com\/ca\/wp-json\/wp\/v2\/comments?post=403"}],"version-history":[{"count":3,"href":"https:\/\/www.canmoradedalt.com\/ca\/wp-json\/wp\/v2\/pages\/403\/revisions"}],"predecessor-version":[{"id":824,"href":"https:\/\/www.canmoradedalt.com\/ca\/wp-json\/wp\/v2\/pages\/403\/revisions\/824"}],"up":[{"embeddable":true,"href":"https:\/\/www.canmoradedalt.com\/ca\/wp-json\/wp\/v2\/pages\/373"}],"wp:featuredmedia":[{"embeddable":true,"href":"https:\/\/www.canmoradedalt.com\/ca\/wp-json\/wp\/v2\/media\/404"}],"wp:attachment":[{"href":"https:\/\/www.canmoradedalt.com\/ca\/wp-json\/wp\/v2\/media?parent=403"}],"curies":[{"name":"wp","href":"https:\/\/api.w.org\/{rel}","templated":true}]}}

<div class="wpb-content-wrapper"><p>[vc_row equal_height=&#8221;yes&#8221; content_placement=&#8221;middle&#8221;][vc_column width=&#8221;2/3&#8243;][vc_single_image image=&#8221;182&#8243; img_size=&#8221;full&#8221;][vc_column_text]</p>
<h3>DOBLES</h3>
<p>Orientades a la muntanya, molt àmplies i tranquil·les, tot està cuidat fins a l’últim detall. Totes estan equipades amb televisió, Internet, caixa forta, minibar, assecador de cabells i llit de baranes per als més menuts (opcional). Aire condicionat. Bany complet equipat amb dutxa.[/vc_column_text][/vc_column][vc_column width=&#8221;1/3&#8243; css=&#8221;.vc_custom_1589902216156{background-color: #f3e3d3 !important;}&#8221;]
        <div class="row">
            <div class="col-md-12 custom-header">
                <h3>Reserva Online</h3>
                <h4>Des de 145€</h4>
                
            </div>
            <div class="vertical-line"></div>
        </div>
        [vc_empty_space][vc_btn title=&#8221;RESERVAR&#8221; style=&#8221;outline-custom&#8221; outline_custom_color=&#8221;#435654&#8243; outline_custom_hover_background=&#8221;#435654&#8243; outline_custom_hover_text=&#8221;#e1e1c6&#8243; shape=&#8221;square&#8221; size=&#8221;lg&#8221; align=&#8221;center&#8221; i_type=&#8221;openiconic&#8221; i_icon_openiconic=&#8221;vc-oi vc-oi-calendar&#8221; add_icon=&#8221;true&#8221; link=&#8221;url:https%3A%2F%2Fbooking.hotelgest.com%2Fv3%2F%3Fpcode%3D231%26lang%3Dca|title:Suite%205|target:%20_blank|&#8221;][/vc_column][/vc_row][vc_row][vc_column][vc_empty_space]
        <div class="row">
            <div class="col-md-12 custom-header">
                <h3>Galeria</h3>
                <h4></h4>
                
            </div>
            <div class="vertical-line"></div>
        </div>
        [vc_empty_space][vc_media_grid element_width=&#8221;3&#8243; grid_id=&#8221;vc_gid:1691080742064-382ca507-a048-8&#8243; include=&#8221;181,180,179,178&#8243;][vc_empty_space][/vc_column][/vc_row]</p>
</div>

<p>[vc_row equal_height=&#8221;yes&#8221; content_placement=&#8221;middle&#8221;][vc_column width=&#8221;2/3&#8243;][vc_single_image image=&#8221;182&#8243; img_size=&#8221;full&#8221;][vc_column_text] DOBLES Orientades a la muntanya, molt àmplies i tranquil·les, tot està cuidat fins a l’últim detall. Totes estan equipades amb televisió, Internet, caixa forta, minibar, assecador de cabells i llit de baranes per als més menuts (opcional). Aire condicionat. Bany complet equipat amb dutxa.[/vc_column_text][/vc_column][vc_column width=&#8221;1/3&#8243; css=&#8221;.vc_custom_1589902216156{background-color: #f3e3d3 !important;}&#8221;][vc_empty_space][vc_btn title=&#8221;RESERVAR&#8221; &hellip; <a href="https://www.canmoradedalt.com/ca/habitacions/dobles/" class="more-link">Continua llegint <span class="screen-reader-text">«Dobles»</span></a></p>
