{"id":373,"date":"2020-05-19T14:49:24","date_gmt":"2020-05-19T12:49:24","guid":{"rendered":"https:\/\/www.canmoradedalt.com\/habitaciones\/"},"modified":"2023-09-29T11:32:15","modified_gmt":"2023-09-29T09:32:15","slug":"habitacions","status":"publish","type":"page","link":"https:\/\/www.canmoradedalt.com\/ca\/habitacions\/","title":{"rendered":"Habitacions"},"content":{"rendered":"<div class=\"wpb-content-wrapper\"><p>[vc_row][vc_column][vc_empty_space][vc_column_text]<\/p>\n<p style=\"text-align: center;\">Les habitacions de Can Mora s\u00f3n el resultat de la restauraci\u00f3 d\u2019una masia del segle XV que ha sabut mantenir una perfecta harmonia entre l\u2019arquitectura original i una decoraci\u00f3 acollidora.<\/p>\n<p style=\"text-align: center;\">Totes disposen d\u2019aire condicionat.<\/p>\n<p>[\/vc_column_text][\/vc_column][\/vc_row][vc_row][vc_column][vc_empty_space][\/vc_column][\/vc_row][vc_row equal_height=&#8221;yes&#8221; content_placement=&#8221;middle&#8221; css=&#8221;.vc_custom_1589879690567{background-color: #f2f2f2 !important;}&#8221;][vc_column width=&#8221;1\/2&#8243; css=&#8221;.vc_custom_1589962197091{background-image: url(https:\/\/www.canmoradedalt.com\/wp-content\/uploads\/2020\/05\/Junior-suite-1.jpg?id=160) !important;background-position: center !important;background-repeat: no-repeat !important;background-size: cover !important;}&#8221;][vc_empty_space height=&#8221;300px&#8221;][\/vc_column][vc_column width=&#8221;1\/2&#8243; css=&#8221;.vc_custom_1589961485172{padding-top: 30px !important;padding-right: 30px !important;padding-bottom: 30px !important;padding-left: 30px !important;}&#8221;]\n        <div class=\"row\">\n            <div class=\"col-md-12 custom-header\">\n                <h3>Suites 1 y 2<\/h3>\n                <h4>Les antigues alcoves<\/h4>\n                \n            <\/div>\n            <div class=\"vertical-line\"><\/div>\n        <\/div>\n        [vc_empty_space height=&#8221;20px&#8221;][vc_column_text]<\/p>\n<p style=\"text-align: center;\"><strong>Suites 1 y 2:<\/strong> Molt \u00e0mplies i lluminoses, i amb excel\u00b7lents vistes al mar.<\/p>\n<p style=\"text-align: center;\">Les suites 1 i 2 s\u2019ubiquen a la zona noble de la casa, al primer pis, i conserven restes de l\u2019antiga pintura policromada que recobria els armaris i els arcs de les estances.<br \/>\nM2: 38m2 i 47m2 respectivament.<\/p>\n<p>[\/vc_column_text][vc_column_text el_class=&#8221;speciallink&#8221;]<a href=\"https:\/\/www.canmoradedalt.com\/ca\/habitacions\/suites-1-y-2\/\">SABER M\u00c9S<\/a>[\/vc_column_text][vc_empty_space height=&#8221;50px&#8221;][\/vc_column][\/vc_row][vc_row equal_height=&#8221;yes&#8221; content_placement=&#8221;middle&#8221; css=&#8221;.vc_custom_1589882929952{background-color: #f3e3d3 !important;}&#8221;][vc_column width=&#8221;1\/2&#8243; css=&#8221;.vc_custom_1589961495266{padding-top: 30px !important;padding-right: 30px !important;padding-bottom: 30px !important;padding-left: 30px !important;background-position: center !important;background-repeat: no-repeat !important;background-size: cover !important;}&#8221;]\n        <div class=\"row\">\n            <div class=\"col-md-12 custom-header\">\n                <h3>Suite 4<\/h3>\n                <h4>Estada en fam\u00edlia<\/h4>\n                \n            <\/div>\n            <div class=\"vertical-line\"><\/div>\n        <\/div>\n        [vc_empty_space height=&#8221;20px&#8221;][vc_column_text]<\/p>\n<p style=\"text-align: center;\"><strong>Suite 4:<\/strong>\u00a0Al segon pis, la suite n\u00famero 4 conserva l\u2019encant de les bigues de fusta del sostre original. \u00c9s una suite pensada per als que viatgen amb nens, ja que disposa de dos llits extres.<\/p>\n<p style=\"text-align: center;\">\u00c9s una habitaci\u00f3 \u00e0mplia, confortable i amb vistes al mar.<br \/>\nM2: 40m2.<\/p>\n<p>[\/vc_column_text][vc_column_text el_class=&#8221;speciallink&#8221;]<a href=\"https:\/\/www.canmoradedalt.com\/ca\/habitacions\/suite-4\/\">SABER M\u00c9S<\/a>[\/vc_column_text][vc_empty_space][\/vc_column][vc_column width=&#8221;1\/2&#8243; css=&#8221;.vc_custom_1590046183908{background-image: url(https:\/\/www.canmoradedalt.com\/wp-content\/uploads\/2020\/05\/suite4-canmora-2404.jpg?id=219) !important;background-position: center !important;background-repeat: no-repeat !important;background-size: cover !important;}&#8221;][vc_empty_space height=&#8221;300px&#8221;][\/vc_column][\/vc_row][vc_row equal_height=&#8221;yes&#8221; content_placement=&#8221;middle&#8221; css=&#8221;.vc_custom_1589879690567{background-color: #f2f2f2 !important;}&#8221;][vc_column width=&#8221;1\/2&#8243; css=&#8221;.vc_custom_1590046232476{background-image: url(https:\/\/www.canmoradedalt.com\/wp-content\/uploads\/2020\/05\/SUITE-5-canmora-2431.jpg?id=225) !important;background-position: center !important;background-repeat: no-repeat !important;background-size: cover !important;}&#8221;][vc_empty_space height=&#8221;300px&#8221;][\/vc_column][vc_column width=&#8221;1\/2&#8243; css=&#8221;.vc_custom_1589961485172{padding-top: 30px !important;padding-right: 30px !important;padding-bottom: 30px !important;padding-left: 30px !important;}&#8221;]\n        <div class=\"row\">\n            <div class=\"col-md-12 custom-header\">\n                <h3>Suite 5<\/h3>\n                <h4>Amb sal\u00f3 independent<\/h4>\n                \n            <\/div>\n            <div class=\"vertical-line\"><\/div>\n        <\/div>\n        [vc_empty_space height=&#8221;20px&#8221;][vc_column_text]<\/p>\n<p style=\"text-align: center;\"><strong>Suite 5:<\/strong> Al segon pis, la suite n\u00famero 5 conserva l\u2019encant de les bigues de fusta del sostre original.<\/p>\n<p style=\"text-align: center;\">\u00c9s una habitaci\u00f3 molt \u00e0mplia i fins i tot disposa d\u2019una sala d\u2019estar independent des d\u2019on poder descansar com a casa i contemplar el mar a trav\u00e9s dels finestrals.<br \/>\nM2: 47m2.<\/p>\n<p>[\/vc_column_text][vc_column_text el_class=&#8221;speciallink&#8221;]<a href=\"https:\/\/www.canmoradedalt.com\/ca\/habitacions\/suite-5\/\">SABER M\u00c9S<\/a>[\/vc_column_text][vc_empty_space height=&#8221;50px&#8221;][\/vc_column][\/vc_row][vc_row][vc_column][vc_empty_space]\n        <div class=\"row\">\n            <div class=\"col-md-12 custom-header\">\n                <h3>Habitacions dobles<\/h3>\n                <h4>Totes s\u00f3n molt acollidores i estan equipades amb televisi\u00f3, Internet, caixa forta, minibar i assecador de cabells.<\/h4>\n                \n            <\/div>\n            <div class=\"vertical-line\"><\/div>\n        <\/div>\n        [vc_empty_space height=&#8221;45px&#8221;][\/vc_column][\/vc_row][vc_row equal_height=&#8221;yes&#8221; content_placement=&#8221;middle&#8221; css=&#8221;.vc_custom_1589882929952{background-color: #f3e3d3 !important;}&#8221;][vc_column width=&#8221;1\/2&#8243; css=&#8221;.vc_custom_1589961495266{padding-top: 30px !important;padding-right: 30px !important;padding-bottom: 30px !important;padding-left: 30px !important;background-position: center !important;background-repeat: no-repeat !important;background-size: cover !important;}&#8221;]\n        <div class=\"row\">\n            <div class=\"col-md-12 custom-header\">\n                <h3>Quatre dobles<\/h3>\n                <h4>Acollidores<\/h4>\n                \n            <\/div>\n            <div class=\"vertical-line\"><\/div>\n        <\/div>\n        [vc_empty_space height=&#8221;20px&#8221;][vc_column_text]<\/p>\n<p style=\"text-align: center;\"><strong>Quatre dobles: <\/strong>Orientades a la muntanya, molt \u00e0mplies i tranquil\u00b7les, tot est\u00e0 cuidat fins a l\u2019\u00faltim detall. Totes estan equipades amb televisi\u00f3, aire acondicionat, Internet, caixa forta, minibar, assecador de cabells i llit de baranes per als m\u00e9s menuts (opcional).<br \/>\nM2: Entre 20m2 i 27m2.<\/p>\n<p>[\/vc_column_text][vc_column_text el_class=&#8221;speciallink&#8221;]<a href=\"https:\/\/www.canmoradedalt.com\/ca\/habitacions\/dobles\/\">SABER M\u00c9S<\/a>[\/vc_column_text][vc_empty_space][\/vc_column][vc_column width=&#8221;1\/2&#8243; css=&#8221;.vc_custom_1589962305217{background-image: url(https:\/\/www.canmoradedalt.com\/wp-content\/uploads\/2020\/05\/DOBLE-3-canmora-2306-1.jpg?id=181) !important;background-position: center !important;background-repeat: no-repeat !important;background-size: cover !important;}&#8221;][vc_empty_space height=&#8221;300px&#8221;][\/vc_column][\/vc_row][vc_row equal_height=&#8221;yes&#8221; content_placement=&#8221;middle&#8221; css=&#8221;.vc_custom_1589879690567{background-color: #f2f2f2 !important;}&#8221;][vc_column width=&#8221;1\/2&#8243; css=&#8221;.vc_custom_1590046266274{background-image: url(https:\/\/www.canmoradedalt.com\/wp-content\/uploads\/2020\/05\/TORREON-doble-11.jpg?id=234) !important;background-position: center !important;background-repeat: no-repeat !important;background-size: cover !important;}&#8221;][vc_empty_space height=&#8221;300px&#8221;][\/vc_column][vc_column width=&#8221;1\/2&#8243; css=&#8221;.vc_custom_1589961485172{padding-top: 30px !important;padding-right: 30px !important;padding-bottom: 30px !important;padding-left: 30px !important;}&#8221;]\n        <div class=\"row\">\n            <div class=\"col-md-12 custom-header\">\n                <h3>Dobles Torrassa<\/h3>\n                <h4>Torrassa de la masia<\/h4>\n                \n            <\/div>\n            <div class=\"vertical-line\"><\/div>\n        <\/div>\n        [vc_empty_space height=&#8221;20px&#8221;][vc_column_text]<\/p>\n<p style=\"text-align: center;\"><strong>Dobles Torrassa: <\/strong>Ubicades a la torrassa de la masia, tenen unes dimensions m\u00e9s redu\u00efdes i vistes al jard\u00ed, al mar i al poble.<\/p>\n<p style=\"text-align: center;\">Una d\u2019elles (l\u201911), al tercer pis, est\u00e0 situada sota teulada i conserva les parets de pedra i les espieres de defensa de la torre original. L&#8217;acc\u00e9s es fa per una estreta escala t\u00edpica de l&#8217;\u00e8poca.<br \/>\nM2: 17m2.<\/p>\n<p>[\/vc_column_text][vc_column_text el_class=&#8221;speciallink&#8221;]<a href=\"https:\/\/www.canmoradedalt.com\/ca\/habitacions\/dobles-torrassa\/\">SABER M\u00c9S<\/a>[\/vc_column_text][vc_empty_space height=&#8221;50px&#8221;][\/vc_column][\/vc_row][vc_row][vc_column][vc_separator color=&#8221;custom&#8221; el_width=&#8221;70&#8243; accent_color=&#8221;#615f55&#8243; css=&#8221;.vc_custom_1589893527321{margin-top: 50px !important;margin-bottom: 50px !important;}&#8221;][\/vc_column][\/vc_row][vc_row][vc_column width=&#8221;1\/3&#8243;][vc_column_text]<\/p>\n<h3 style=\"text-align: center;\">Informaci\u00f3<\/h3>\n<p style=\"text-align: center;\">Els preus inclouen l\u2019esmorzar i l&#8217;IVA.<br \/>\nLa taxa tur\u00edstica no est\u00e0 inclosa.<\/p>\n<p>[\/vc_column_text][vc_column_text el_class=&#8221;speciallink&#8221;]<a href=\"https:\/\/www.canmoradedalt.com\/ca\/informacio-general\/\">SABER M\u00c9S<\/a>[\/vc_column_text][\/vc_column][vc_column width=&#8221;1\/3&#8243;][vc_column_text]<\/p>\n<h3 style=\"text-align: center;\">Pol\u00edtica de cancel\u00b7laci\u00f3<\/h3>\n<p style=\"text-align: center;\">Les reserves es poden cancel\u00b7lar sense cap cost enviant un e-mail a info@canmoradedalt.com 48 hores abans de la data d\u2019arribada. En cas contrari, es passar\u00e0 un c\u00e0rrec a la targeta de cr\u00e8dit que s\u2019hagi proporcionat per un import equivalent al preu total de la primera nit reservada.<\/p>\n<p>[\/vc_column_text][\/vc_column][vc_column width=&#8221;1\/3&#8243;][vc_column_text]<\/p>\n<h3 style=\"text-align: center;\">Horari<\/h3>\n<p style=\"text-align: center;\"><strong>Arribada<\/strong> (check-in): de 14 h a 17 h<\/p>\n<p style=\"text-align: center;\"><strong>Sortida<\/strong> (check-out): a las 12 h<\/p>\n<p>[\/vc_column_text][vc_column_text el_class=&#8221;speciallink&#8221;]<a href=\"https:\/\/www.canmoradedalt.com\/ca\/informacio-general#reception\" rel=\"false\">SABER M\u00c9S<\/a>[\/vc_column_text][\/vc_column][\/vc_row][vc_row][vc_column][vc_empty_space]\n        <div class=\"row\">\n            <div class=\"col-md-12 custom-header\">\n                <h3>Galeria<\/h3>\n                <h4>habitacions<\/h4>\n                \n            <\/div>\n            <div class=\"vertical-line\"><\/div>\n        <\/div>\n        [vc_empty_space height=&#8221;40px&#8221;][\/vc_column][\/vc_row][vc_row full_width=&#8221;stretch_row_content_no_spaces&#8221;][vc_column][vc_media_grid element_width=&#8221;3&#8243; gap=&#8221;0&#8243; grid_id=&#8221;vc_gid:1695979794104-e208dc92-1eb0-3&#8243; include=&#8221;153,154,155,156,159,158,160,180,216,219,249,228,225,181,179,178,185,186,862,231&#8243;][\/vc_column][\/vc_row]<\/p>\n<\/div>","protected":false},"excerpt":{"rendered":"<p>[vc_row][vc_column][vc_empty_space][vc_column_text] Les habitacions de Can Mora s\u00f3n el resultat de la restauraci\u00f3 d\u2019una masia del segle XV que ha sabut mantenir una perfecta harmonia entre l\u2019arquitectura original i una decoraci\u00f3 acollidora. Totes disposen d\u2019aire condicionat. [\/vc_column_text][\/vc_column][\/vc_row][vc_row][vc_column][vc_empty_space][\/vc_column][\/vc_row][vc_row equal_height=&#8221;yes&#8221; content_placement=&#8221;middle&#8221; css=&#8221;.vc_custom_1589879690567{background-color: #f2f2f2 !important;}&#8221;][vc_column width=&#8221;1\/2&#8243; css=&#8221;.vc_custom_1589962197091{background-image: url(https:\/\/www.canmoradedalt.com\/wp-content\/uploads\/2020\/05\/Junior-suite-1.jpg?id=160) !important;background-position: center !important;background-repeat: no-repeat !important;background-size: cover !important;}&#8221;][vc_empty_space height=&#8221;300px&#8221;][\/vc_column][vc_column width=&#8221;1\/2&#8243; css=&#8221;.vc_custom_1589961485172{padding-top: 30px &hellip; <a href=\"https:\/\/www.canmoradedalt.com\/ca\/habitacions\/\" class=\"more-link\">Continua llegint <span class=\"screen-reader-text\">\u00abHabitacions\u00bb<\/span><\/a><\/p>\n","protected":false},"author":1,"featured_media":374,"parent":0,"menu_order":0,"comment_status":"closed","ping_status":"closed","template":"","meta":{"footnotes":""},"class_list":["post-373","page","type-page","status-publish","has-post-thumbnail","hentry"],"_links":{"self":[{"href":"https:\/\/www.canmoradedalt.com\/ca\/wp-json\/wp\/v2\/pages\/373","targetHints":{"allow":["GET"]}}],"collection":[{"href":"https:\/\/www.canmoradedalt.com\/ca\/wp-json\/wp\/v2\/pages"}],"about":[{"href":"https:\/\/www.canmoradedalt.com\/ca\/wp-json\/wp\/v2\/types\/page"}],"author":[{"embeddable":true,"href":"https:\/\/www.canmoradedalt.com\/ca\/wp-json\/wp\/v2\/users\/1"}],"replies":[{"embeddable":true,"href":"https:\/\/www.canmoradedalt.com\/ca\/wp-json\/wp\/v2\/comments?post=373"}],"version-history":[{"count":17,"href":"https:\/\/www.canmoradedalt.com\/ca\/wp-json\/wp\/v2\/pages\/373\/revisions"}],"predecessor-version":[{"id":877,"href":"https:\/\/www.canmoradedalt.com\/ca\/wp-json\/wp\/v2\/pages\/373\/revisions\/877"}],"wp:featuredmedia":[{"embeddable":true,"href":"https:\/\/www.canmoradedalt.com\/ca\/wp-json\/wp\/v2\/media\/374"}],"wp:attachment":[{"href":"https:\/\/www.canmoradedalt.com\/ca\/wp-json\/wp\/v2\/media?parent=373"}],"curies":[{"name":"wp","href":"https:\/\/api.w.org\/{rel}","templated":true}]}}

<div class="wpb-content-wrapper"><p>[vc_row][vc_column][vc_empty_space][vc_column_text]</p>
<p style="text-align: center;">Les habitacions de Can Mora són el resultat de la restauració d’una masia del segle XV que ha sabut mantenir una perfecta harmonia entre l’arquitectura original i una decoració acollidora.</p>
<p style="text-align: center;">Totes disposen d’aire condicionat.</p>
<p>[/vc_column_text][/vc_column][/vc_row][vc_row][vc_column][vc_empty_space][/vc_column][/vc_row][vc_row equal_height=&#8221;yes&#8221; content_placement=&#8221;middle&#8221; css=&#8221;.vc_custom_1589879690567{background-color: #f2f2f2 !important;}&#8221;][vc_column width=&#8221;1/2&#8243; css=&#8221;.vc_custom_1589962197091{background-image: url(https://www.canmoradedalt.com/wp-content/uploads/2020/05/Junior-suite-1.jpg?id=160) !important;background-position: center !important;background-repeat: no-repeat !important;background-size: cover !important;}&#8221;][vc_empty_space height=&#8221;300px&#8221;][/vc_column][vc_column width=&#8221;1/2&#8243; css=&#8221;.vc_custom_1589961485172{padding-top: 30px !important;padding-right: 30px !important;padding-bottom: 30px !important;padding-left: 30px !important;}&#8221;]
        <div class="row">
            <div class="col-md-12 custom-header">
                <h3>Suites 1 y 2</h3>
                <h4>Les antigues alcoves</h4>
                
            </div>
            <div class="vertical-line"></div>
        </div>
        [vc_empty_space height=&#8221;20px&#8221;][vc_column_text]</p>
<p style="text-align: center;"><strong>Suites 1 y 2:</strong> Molt àmplies i lluminoses, i amb excel·lents vistes al mar.</p>
<p style="text-align: center;">Les suites 1 i 2 s’ubiquen a la zona noble de la casa, al primer pis, i conserven restes de l’antiga pintura policromada que recobria els armaris i els arcs de les estances.<br />
M2: 38m2 i 47m2 respectivament.</p>
<p>[/vc_column_text][vc_column_text el_class=&#8221;speciallink&#8221;]<a href="https://www.canmoradedalt.com/ca/habitacions/suites-1-y-2/">SABER MÉS</a>[/vc_column_text][vc_empty_space height=&#8221;50px&#8221;][/vc_column][/vc_row][vc_row equal_height=&#8221;yes&#8221; content_placement=&#8221;middle&#8221; css=&#8221;.vc_custom_1589882929952{background-color: #f3e3d3 !important;}&#8221;][vc_column width=&#8221;1/2&#8243; css=&#8221;.vc_custom_1589961495266{padding-top: 30px !important;padding-right: 30px !important;padding-bottom: 30px !important;padding-left: 30px !important;background-position: center !important;background-repeat: no-repeat !important;background-size: cover !important;}&#8221;]
        <div class="row">
            <div class="col-md-12 custom-header">
                <h3>Suite 4</h3>
                <h4>Estada en família</h4>
                
            </div>
            <div class="vertical-line"></div>
        </div>
        [vc_empty_space height=&#8221;20px&#8221;][vc_column_text]</p>
<p style="text-align: center;"><strong>Suite 4:</strong> Al segon pis, la suite número 4 conserva l’encant de les bigues de fusta del sostre original. És una suite pensada per als que viatgen amb nens, ja que disposa de dos llits extres.</p>
<p style="text-align: center;">És una habitació àmplia, confortable i amb vistes al mar.<br />
M2: 40m2.</p>
<p>[/vc_column_text][vc_column_text el_class=&#8221;speciallink&#8221;]<a href="https://www.canmoradedalt.com/ca/habitacions/suite-4/">SABER MÉS</a>[/vc_column_text][vc_empty_space][/vc_column][vc_column width=&#8221;1/2&#8243; css=&#8221;.vc_custom_1590046183908{background-image: url(https://www.canmoradedalt.com/wp-content/uploads/2020/05/suite4-canmora-2404.jpg?id=219) !important;background-position: center !important;background-repeat: no-repeat !important;background-size: cover !important;}&#8221;][vc_empty_space height=&#8221;300px&#8221;][/vc_column][/vc_row][vc_row equal_height=&#8221;yes&#8221; content_placement=&#8221;middle&#8221; css=&#8221;.vc_custom_1589879690567{background-color: #f2f2f2 !important;}&#8221;][vc_column width=&#8221;1/2&#8243; css=&#8221;.vc_custom_1590046232476{background-image: url(https://www.canmoradedalt.com/wp-content/uploads/2020/05/SUITE-5-canmora-2431.jpg?id=225) !important;background-position: center !important;background-repeat: no-repeat !important;background-size: cover !important;}&#8221;][vc_empty_space height=&#8221;300px&#8221;][/vc_column][vc_column width=&#8221;1/2&#8243; css=&#8221;.vc_custom_1589961485172{padding-top: 30px !important;padding-right: 30px !important;padding-bottom: 30px !important;padding-left: 30px !important;}&#8221;]
        <div class="row">
            <div class="col-md-12 custom-header">
                <h3>Suite 5</h3>
                <h4>Amb saló independent</h4>
                
            </div>
            <div class="vertical-line"></div>
        </div>
        [vc_empty_space height=&#8221;20px&#8221;][vc_column_text]</p>
<p style="text-align: center;"><strong>Suite 5:</strong> Al segon pis, la suite número 5 conserva l’encant de les bigues de fusta del sostre original.</p>
<p style="text-align: center;">És una habitació molt àmplia i fins i tot disposa d’una sala d’estar independent des d’on poder descansar com a casa i contemplar el mar a través dels finestrals.<br />
M2: 47m2.</p>
<p>[/vc_column_text][vc_column_text el_class=&#8221;speciallink&#8221;]<a href="https://www.canmoradedalt.com/ca/habitacions/suite-5/">SABER MÉS</a>[/vc_column_text][vc_empty_space height=&#8221;50px&#8221;][/vc_column][/vc_row][vc_row][vc_column][vc_empty_space]
        <div class="row">
            <div class="col-md-12 custom-header">
                <h3>Habitacions dobles</h3>
                <h4>Totes són molt acollidores i estan equipades amb televisió, Internet, caixa forta, minibar i assecador de cabells.</h4>
                
            </div>
            <div class="vertical-line"></div>
        </div>
        [vc_empty_space height=&#8221;45px&#8221;][/vc_column][/vc_row][vc_row equal_height=&#8221;yes&#8221; content_placement=&#8221;middle&#8221; css=&#8221;.vc_custom_1589882929952{background-color: #f3e3d3 !important;}&#8221;][vc_column width=&#8221;1/2&#8243; css=&#8221;.vc_custom_1589961495266{padding-top: 30px !important;padding-right: 30px !important;padding-bottom: 30px !important;padding-left: 30px !important;background-position: center !important;background-repeat: no-repeat !important;background-size: cover !important;}&#8221;]
        <div class="row">
            <div class="col-md-12 custom-header">
                <h3>Quatre dobles</h3>
                <h4>Acollidores</h4>
                
            </div>
            <div class="vertical-line"></div>
        </div>
        [vc_empty_space height=&#8221;20px&#8221;][vc_column_text]</p>
<p style="text-align: center;"><strong>Quatre dobles: </strong>Orientades a la muntanya, molt àmplies i tranquil·les, tot està cuidat fins a l’últim detall. Totes estan equipades amb televisió, aire acondicionat, Internet, caixa forta, minibar, assecador de cabells i llit de baranes per als més menuts (opcional).<br />
M2: Entre 20m2 i 27m2.</p>
<p>[/vc_column_text][vc_column_text el_class=&#8221;speciallink&#8221;]<a href="https://www.canmoradedalt.com/ca/habitacions/dobles/">SABER MÉS</a>[/vc_column_text][vc_empty_space][/vc_column][vc_column width=&#8221;1/2&#8243; css=&#8221;.vc_custom_1589962305217{background-image: url(https://www.canmoradedalt.com/wp-content/uploads/2020/05/DOBLE-3-canmora-2306-1.jpg?id=181) !important;background-position: center !important;background-repeat: no-repeat !important;background-size: cover !important;}&#8221;][vc_empty_space height=&#8221;300px&#8221;][/vc_column][/vc_row][vc_row equal_height=&#8221;yes&#8221; content_placement=&#8221;middle&#8221; css=&#8221;.vc_custom_1589879690567{background-color: #f2f2f2 !important;}&#8221;][vc_column width=&#8221;1/2&#8243; css=&#8221;.vc_custom_1590046266274{background-image: url(https://www.canmoradedalt.com/wp-content/uploads/2020/05/TORREON-doble-11.jpg?id=234) !important;background-position: center !important;background-repeat: no-repeat !important;background-size: cover !important;}&#8221;][vc_empty_space height=&#8221;300px&#8221;][/vc_column][vc_column width=&#8221;1/2&#8243; css=&#8221;.vc_custom_1589961485172{padding-top: 30px !important;padding-right: 30px !important;padding-bottom: 30px !important;padding-left: 30px !important;}&#8221;]
        <div class="row">
            <div class="col-md-12 custom-header">
                <h3>Dobles Torrassa</h3>
                <h4>Torrassa de la masia</h4>
                
            </div>
            <div class="vertical-line"></div>
        </div>
        [vc_empty_space height=&#8221;20px&#8221;][vc_column_text]</p>
<p style="text-align: center;"><strong>Dobles Torrassa: </strong>Ubicades a la torrassa de la masia, tenen unes dimensions més reduïdes i vistes al jardí, al mar i al poble.</p>
<p style="text-align: center;">Una d’elles (l’11), al tercer pis, està situada sota teulada i conserva les parets de pedra i les espieres de defensa de la torre original. L&#8217;accés es fa per una estreta escala típica de l&#8217;època.<br />
M2: 17m2.</p>
<p>[/vc_column_text][vc_column_text el_class=&#8221;speciallink&#8221;]<a href="https://www.canmoradedalt.com/ca/habitacions/dobles-torrassa/">SABER MÉS</a>[/vc_column_text][vc_empty_space height=&#8221;50px&#8221;][/vc_column][/vc_row][vc_row][vc_column][vc_separator color=&#8221;custom&#8221; el_width=&#8221;70&#8243; accent_color=&#8221;#615f55&#8243; css=&#8221;.vc_custom_1589893527321{margin-top: 50px !important;margin-bottom: 50px !important;}&#8221;][/vc_column][/vc_row][vc_row][vc_column width=&#8221;1/3&#8243;][vc_column_text]</p>
<h3 style="text-align: center;">Informació</h3>
<p style="text-align: center;">Els preus inclouen l’esmorzar i l&#8217;IVA.<br />
La taxa turística no està inclosa.</p>
<p>[/vc_column_text][vc_column_text el_class=&#8221;speciallink&#8221;]<a href="https://www.canmoradedalt.com/ca/informacio-general/">SABER MÉS</a>[/vc_column_text][/vc_column][vc_column width=&#8221;1/3&#8243;][vc_column_text]</p>
<h3 style="text-align: center;">Política de cancel·lació</h3>
<p style="text-align: center;">Les reserves es poden cancel·lar sense cap cost enviant un e-mail a info@canmoradedalt.com 48 hores abans de la data d’arribada. En cas contrari, es passarà un càrrec a la targeta de crèdit que s’hagi proporcionat per un import equivalent al preu total de la primera nit reservada.</p>
<p>[/vc_column_text][/vc_column][vc_column width=&#8221;1/3&#8243;][vc_column_text]</p>
<h3 style="text-align: center;">Horari</h3>
<p style="text-align: center;"><strong>Arribada</strong> (check-in): de 14 h a 17 h</p>
<p style="text-align: center;"><strong>Sortida</strong> (check-out): a las 12 h</p>
<p>[/vc_column_text][vc_column_text el_class=&#8221;speciallink&#8221;]<a href="https://www.canmoradedalt.com/ca/informacio-general#reception" rel="false">SABER MÉS</a>[/vc_column_text][/vc_column][/vc_row][vc_row][vc_column][vc_empty_space]
        <div class="row">
            <div class="col-md-12 custom-header">
                <h3>Galeria</h3>
                <h4>habitacions</h4>
                
            </div>
            <div class="vertical-line"></div>
        </div>
        [vc_empty_space height=&#8221;40px&#8221;][/vc_column][/vc_row][vc_row full_width=&#8221;stretch_row_content_no_spaces&#8221;][vc_column][vc_media_grid element_width=&#8221;3&#8243; gap=&#8221;0&#8243; grid_id=&#8221;vc_gid:1695979794104-e208dc92-1eb0-3&#8243; include=&#8221;153,154,155,156,159,158,160,180,216,219,249,228,225,181,179,178,185,186,862,231&#8243;][/vc_column][/vc_row]</p>
</div>

<p>[vc_row][vc_column][vc_empty_space][vc_column_text] Les habitacions de Can Mora són el resultat de la restauració d’una masia del segle XV que ha sabut mantenir una perfecta harmonia entre l’arquitectura original i una decoració acollidora. Totes disposen d’aire condicionat. [/vc_column_text][/vc_column][/vc_row][vc_row][vc_column][vc_empty_space][/vc_column][/vc_row][vc_row equal_height=&#8221;yes&#8221; content_placement=&#8221;middle&#8221; css=&#8221;.vc_custom_1589879690567{background-color: #f2f2f2 !important;}&#8221;][vc_column width=&#8221;1/2&#8243; css=&#8221;.vc_custom_1589962197091{background-image: url(https://www.canmoradedalt.com/wp-content/uploads/2020/05/Junior-suite-1.jpg?id=160) !important;background-position: center !important;background-repeat: no-repeat !important;background-size: cover !important;}&#8221;][vc_empty_space height=&#8221;300px&#8221;][/vc_column][vc_column width=&#8221;1/2&#8243; css=&#8221;.vc_custom_1589961485172{padding-top: 30px &hellip; <a href="https://www.canmoradedalt.com/ca/habitacions/" class="more-link">Continua llegint <span class="screen-reader-text">«Habitacions»</span></a></p>
