{"id":336,"date":"2020-05-19T14:21:11","date_gmt":"2020-05-19T12:21:11","guid":{"rendered":"https:\/\/www.canmoradedalt.com\/bodas-y-eventos\/"},"modified":"2020-05-24T11:52:42","modified_gmt":"2020-05-24T09:52:42","slug":"casaments-i-festes","status":"publish","type":"page","link":"https:\/\/www.canmoradedalt.com\/ca\/casaments-i-festes\/","title":{"rendered":"Casaments i Festes"},"content":{"rendered":"<div class=\"wpb-content-wrapper\"><p>[vc_row][vc_column][vc_empty_space][\/vc_column][\/vc_row][vc_row equal_height=&#8221;yes&#8221; content_placement=&#8221;middle&#8221; css=&#8221;.vc_custom_1589879690567{background-color: #f2f2f2 !important;}&#8221;][vc_column width=&#8221;1\/2&#8243; css=&#8221;.vc_custom_1590139000007{background-image: url(https:\/\/www.canmoradedalt.com\/wp-content\/uploads\/2020\/05\/Ramo-novia-1.jpg?id=103) !important;background-position: center !important;background-repeat: no-repeat !important;background-size: cover !important;}&#8221;][vc_empty_space height=&#8221;300px&#8221;][\/vc_column][vc_column width=&#8221;1\/2&#8243; css=&#8221;.vc_custom_1590138837944{padding-top: 30px !important;padding-right: 30px !important;padding-bottom: 30px !important;padding-left: 30px !important;}&#8221;]\n        <div class=\"row\">\n            <div class=\"col-md-12 custom-header\">\n                <h3>Masia de segle XV<\/h3>\n                <h4>Amb vistes al mar<\/h4>\n                \n            <\/div>\n            <div class=\"vertical-line\"><\/div>\n        <\/div>\n        [vc_column_text]<\/p>\n<p style=\"text-align: center;\">Can Mora t\u2019ofereix el millor de la proximitat amb Barcelona en un entorn rural \u00fanic amb vistes al mar. Un lloc m\u00e0gic per celebrar-hi el teu casament: una masia del s. XV completament restaurada, amb onze habitacions on podr\u00e0s preparar-te per al teu gran dia i allotjar-hi els convidats m\u00e9s propers.<\/p>\n<p style=\"text-align: center;\">Descobreix que f\u00e0cil que pot arribar a ser organitzar un casament amb nosaltres. Hi celebrem tota mena de casaments i estem en contacte amb els millors prove\u00efdors perqu\u00e8 el teu casament sigui tal com l\u2019havies somiat.<\/p>\n<p style=\"text-align: center;\"><strong>Contacta amb nosaltres<\/strong> per con\u00e8ixer les nostres tarifes: info@canmoradedalt.com<\/p>\n<p style=\"text-align: center;\"><i>No organitzem festes d\u2019aniversari de 18 anys, festes de Cap d\u2019Any, batejos, comunions ni dinars de Nadal.<\/i><\/p>\n<p>[\/vc_column_text][vc_empty_space height=&#8221;50px&#8221;][\/vc_column][\/vc_row][vc_row equal_height=&#8221;yes&#8221; content_placement=&#8221;middle&#8221; css=&#8221;.vc_custom_1589882929952{background-color: #f3e3d3 !important;}&#8221;][vc_column width=&#8221;1\/2&#8243; css=&#8221;.vc_custom_1589891065544{padding-top: 30px !important;padding-right: 25px !important;padding-bottom: 30px !important;padding-left: 25px !important;background-position: center !important;background-repeat: no-repeat !important;background-size: cover !important;}&#8221;]\n        <div class=\"row\">\n            <div class=\"col-md-12 custom-header\">\n                <h3>Preguntes freq\u00fcents<\/h3>\n                <h4>Can Mora de Dalt est\u00e0 situat a Sant Vicen\u00e7 de Montalt, a 35 km de Barcelona (40 minuts). Des de la carretera, s\u2019accedeix a la masia per un cam\u00ed de terra. L\u2019hotel disposa d\u2019aparcament exterior privat.<\/h4>\n                \n            <\/div>\n            <div class=\"vertical-line\"><\/div>\n        <\/div>\n        [vc_empty_space height=&#8221;20px&#8221;][vc_toggle title=&#8221;\u00c9s possible quedar-s\u2019hi a dormir?&#8221; style=&#8221;arrow&#8221; color=&#8221;black&#8221; size=&#8221;sm&#8221; el_class=&#8221;center&#8221;]Disposem d\u2019onze habitacions on poder allotjar-se el mateix dia del casament, aix\u00ed com vestir-se i preparar-se i fer la sessi\u00f3 de fotos abans de la cerim\u00f2nia. Consulta els horaris d\u2019arribada i sortida[\/vc_toggle][vc_toggle title=&#8221;S\u2019hi pot fer la cerim\u00f2nia civil?&#8221; style=&#8221;arrow&#8221; color=&#8221;black&#8221; size=&#8221;sm&#8221; el_class=&#8221;center&#8221;]El nostre jard\u00ed, amb les magn\u00edfiques vistes al mar, \u00e9s l\u2019entorn perfecte per fer-hi una cerim\u00f2nia civil.[\/vc_toggle][vc_toggle title=&#8221;C\u00e0terings i altres prove\u00efdors&#8221; style=&#8221;arrow&#8221; color=&#8221;black&#8221; size=&#8221;sm&#8221; el_class=&#8221;center&#8221;]Col\u00b7laborem amb les millors empreses de c\u00e0tering. Us facilitem informaci\u00f3 i consell segons les vostres prefer\u00e8ncies.<\/p>\n<p>Tamb\u00e9 us facilitem un llistat amb diversos fot\u00f2grafs i floristes i nom\u00e9s tenim en exclusiva el servei de DJ. D\u2019aquesta manera podem crear esdeveniments \u00fanics i personals al gust dels nostres clients.<\/p>\n<p>En cas de contractar servei d\u2019autocars, sol\u00b7liciteu-nos informaci\u00f3 sobre les empreses recomanades i les mides dels autocars, ja que els autocars de m\u00e9s de 35 places no poden pujar fins a la masia.[\/vc_toggle][vc_toggle title=&#8221;Dates disponibles&#8221; style=&#8221;arrow&#8221; color=&#8221;black&#8221; size=&#8221;sm&#8221; el_class=&#8221;center&#8221;]Organitzem esdeveniments durant tot l\u2019any menys per Nadal, que fem vacances. Nom\u00e9s organitzem un esdeveniment per dia. Al gener, nom\u00e9s obrim per a reunions d\u2019empresa pr\u00e8viament concertades.[\/vc_toggle][vc_toggle title=&#8221;M\u00e9s informaci\u00f3&#8221; style=&#8221;arrow&#8221; color=&#8221;black&#8221; size=&#8221;sm&#8221; el_class=&#8221;center&#8221;]Per a m\u00e9s informaci\u00f3, podeu contactar amb nosaltres a trav\u00e9s del nostre formulari, disponible a la pestanya Contacte. Preguem que ens indiqueu el vostre nom, n\u00famero de tel\u00e8fon, adre\u00e7a de correu electr\u00f2nic, nombre aproximat de convidats i la data de l\u2019esdeveniment. Us respondrem tan aviat com puguem amb tota la informaci\u00f3.<\/p>\n<p><i>Can Mora tanca dos dies entre setmana per descans, per aquest motiu de vegades no responem al tel\u00e8fon.<\/i>[\/vc_toggle][vc_empty_space][\/vc_column][vc_column width=&#8221;1\/2&#8243; css=&#8221;.vc_custom_1589890343122{background-image: url(https:\/\/www.canmoradedalt.com\/wp-content\/uploads\/2020\/05\/bienvenida-de-Azulius.jpg?id=91) !important;background-position: center !important;background-repeat: no-repeat !important;background-size: cover !important;}&#8221;][vc_empty_space height=&#8221;300px&#8221;][\/vc_column][\/vc_row][vc_row][vc_column][vc_empty_space]\n        <div class=\"row\">\n            <div class=\"col-md-12 custom-header\">\n                <h3>Galeria<\/h3>\n                <h4><\/h4>\n                \n            <\/div>\n            <div class=\"vertical-line\"><\/div>\n        <\/div>\n        [vc_empty_space][\/vc_column][\/vc_row][vc_row full_width=&#8221;stretch_row_content_no_spaces&#8221;][vc_column][vc_media_grid gap=&#8221;0&#8243; grid_id=&#8221;vc_gid:1590313561228-a9c476cd-e7c7-6&#8243; include=&#8221;92,93,94,95,96,97,98,99,100,101,102,103,104,105&#8243;][\/vc_column][\/vc_row]<\/p>\n<\/div>","protected":false},"excerpt":{"rendered":"<p>[vc_row][vc_column][vc_empty_space][\/vc_column][\/vc_row][vc_row equal_height=&#8221;yes&#8221; content_placement=&#8221;middle&#8221; css=&#8221;.vc_custom_1589879690567{background-color: #f2f2f2 !important;}&#8221;][vc_column width=&#8221;1\/2&#8243; css=&#8221;.vc_custom_1590139000007{background-image: url(https:\/\/www.canmoradedalt.com\/wp-content\/uploads\/2020\/05\/Ramo-novia-1.jpg?id=103) !important;background-position: center !important;background-repeat: no-repeat !important;background-size: cover !important;}&#8221;][vc_empty_space height=&#8221;300px&#8221;][\/vc_column][vc_column width=&#8221;1\/2&#8243; css=&#8221;.vc_custom_1590138837944{padding-top: 30px !important;padding-right: 30px !important;padding-bottom: 30px !important;padding-left: 30px !important;}&#8221;][vc_column_text] Can Mora t\u2019ofereix el millor de la proximitat amb Barcelona en un entorn rural \u00fanic amb vistes al mar. Un lloc m\u00e0gic per celebrar-hi el teu casament: una &hellip; <a href=\"https:\/\/www.canmoradedalt.com\/ca\/casaments-i-festes\/\" class=\"more-link\">Continua llegint <span class=\"screen-reader-text\">\u00abCasaments i Festes\u00bb<\/span><\/a><\/p>\n","protected":false},"author":1,"featured_media":338,"parent":0,"menu_order":0,"comment_status":"closed","ping_status":"closed","template":"","meta":{"footnotes":""},"class_list":["post-336","page","type-page","status-publish","has-post-thumbnail","hentry"],"_links":{"self":[{"href":"https:\/\/www.canmoradedalt.com\/ca\/wp-json\/wp\/v2\/pages\/336","targetHints":{"allow":["GET"]}}],"collection":[{"href":"https:\/\/www.canmoradedalt.com\/ca\/wp-json\/wp\/v2\/pages"}],"about":[{"href":"https:\/\/www.canmoradedalt.com\/ca\/wp-json\/wp\/v2\/types\/page"}],"author":[{"embeddable":true,"href":"https:\/\/www.canmoradedalt.com\/ca\/wp-json\/wp\/v2\/users\/1"}],"replies":[{"embeddable":true,"href":"https:\/\/www.canmoradedalt.com\/ca\/wp-json\/wp\/v2\/comments?post=336"}],"version-history":[{"count":4,"href":"https:\/\/www.canmoradedalt.com\/ca\/wp-json\/wp\/v2\/pages\/336\/revisions"}],"predecessor-version":[{"id":520,"href":"https:\/\/www.canmoradedalt.com\/ca\/wp-json\/wp\/v2\/pages\/336\/revisions\/520"}],"wp:featuredmedia":[{"embeddable":true,"href":"https:\/\/www.canmoradedalt.com\/ca\/wp-json\/wp\/v2\/media\/338"}],"wp:attachment":[{"href":"https:\/\/www.canmoradedalt.com\/ca\/wp-json\/wp\/v2\/media?parent=336"}],"curies":[{"name":"wp","href":"https:\/\/api.w.org\/{rel}","templated":true}]}}

<div class="wpb-content-wrapper"><p>[vc_row][vc_column][vc_empty_space][/vc_column][/vc_row][vc_row equal_height=&#8221;yes&#8221; content_placement=&#8221;middle&#8221; css=&#8221;.vc_custom_1589879690567{background-color: #f2f2f2 !important;}&#8221;][vc_column width=&#8221;1/2&#8243; css=&#8221;.vc_custom_1590139000007{background-image: url(https://www.canmoradedalt.com/wp-content/uploads/2020/05/Ramo-novia-1.jpg?id=103) !important;background-position: center !important;background-repeat: no-repeat !important;background-size: cover !important;}&#8221;][vc_empty_space height=&#8221;300px&#8221;][/vc_column][vc_column width=&#8221;1/2&#8243; css=&#8221;.vc_custom_1590138837944{padding-top: 30px !important;padding-right: 30px !important;padding-bottom: 30px !important;padding-left: 30px !important;}&#8221;]
        <div class="row">
            <div class="col-md-12 custom-header">
                <h3>Masia de segle XV</h3>
                <h4>Amb vistes al mar</h4>
                
            </div>
            <div class="vertical-line"></div>
        </div>
        [vc_column_text]</p>
<p style="text-align: center;">Can Mora t’ofereix el millor de la proximitat amb Barcelona en un entorn rural únic amb vistes al mar. Un lloc màgic per celebrar-hi el teu casament: una masia del s. XV completament restaurada, amb onze habitacions on podràs preparar-te per al teu gran dia i allotjar-hi els convidats més propers.</p>
<p style="text-align: center;">Descobreix que fàcil que pot arribar a ser organitzar un casament amb nosaltres. Hi celebrem tota mena de casaments i estem en contacte amb els millors proveïdors perquè el teu casament sigui tal com l’havies somiat.</p>
<p style="text-align: center;"><strong>Contacta amb nosaltres</strong> per conèixer les nostres tarifes: info@canmoradedalt.com</p>
<p style="text-align: center;"><i>No organitzem festes d’aniversari de 18 anys, festes de Cap d’Any, batejos, comunions ni dinars de Nadal.</i></p>
<p>[/vc_column_text][vc_empty_space height=&#8221;50px&#8221;][/vc_column][/vc_row][vc_row equal_height=&#8221;yes&#8221; content_placement=&#8221;middle&#8221; css=&#8221;.vc_custom_1589882929952{background-color: #f3e3d3 !important;}&#8221;][vc_column width=&#8221;1/2&#8243; css=&#8221;.vc_custom_1589891065544{padding-top: 30px !important;padding-right: 25px !important;padding-bottom: 30px !important;padding-left: 25px !important;background-position: center !important;background-repeat: no-repeat !important;background-size: cover !important;}&#8221;]
        <div class="row">
            <div class="col-md-12 custom-header">
                <h3>Preguntes freqüents</h3>
                <h4>Can Mora de Dalt està situat a Sant Vicenç de Montalt, a 35 km de Barcelona (40 minuts). Des de la carretera, s’accedeix a la masia per un camí de terra. L’hotel disposa d’aparcament exterior privat.</h4>
                
            </div>
            <div class="vertical-line"></div>
        </div>
        [vc_empty_space height=&#8221;20px&#8221;][vc_toggle title=&#8221;És possible quedar-s’hi a dormir?&#8221; style=&#8221;arrow&#8221; color=&#8221;black&#8221; size=&#8221;sm&#8221; el_class=&#8221;center&#8221;]Disposem d’onze habitacions on poder allotjar-se el mateix dia del casament, així com vestir-se i preparar-se i fer la sessió de fotos abans de la cerimònia. Consulta els horaris d’arribada i sortida[/vc_toggle][vc_toggle title=&#8221;S’hi pot fer la cerimònia civil?&#8221; style=&#8221;arrow&#8221; color=&#8221;black&#8221; size=&#8221;sm&#8221; el_class=&#8221;center&#8221;]El nostre jardí, amb les magnífiques vistes al mar, és l’entorn perfecte per fer-hi una cerimònia civil.[/vc_toggle][vc_toggle title=&#8221;Càterings i altres proveïdors&#8221; style=&#8221;arrow&#8221; color=&#8221;black&#8221; size=&#8221;sm&#8221; el_class=&#8221;center&#8221;]Col·laborem amb les millors empreses de càtering. Us facilitem informació i consell segons les vostres preferències.</p>
<p>També us facilitem un llistat amb diversos fotògrafs i floristes i només tenim en exclusiva el servei de DJ. D’aquesta manera podem crear esdeveniments únics i personals al gust dels nostres clients.</p>
<p>En cas de contractar servei d’autocars, sol·liciteu-nos informació sobre les empreses recomanades i les mides dels autocars, ja que els autocars de més de 35 places no poden pujar fins a la masia.[/vc_toggle][vc_toggle title=&#8221;Dates disponibles&#8221; style=&#8221;arrow&#8221; color=&#8221;black&#8221; size=&#8221;sm&#8221; el_class=&#8221;center&#8221;]Organitzem esdeveniments durant tot l’any menys per Nadal, que fem vacances. Només organitzem un esdeveniment per dia. Al gener, només obrim per a reunions d’empresa prèviament concertades.[/vc_toggle][vc_toggle title=&#8221;Més informació&#8221; style=&#8221;arrow&#8221; color=&#8221;black&#8221; size=&#8221;sm&#8221; el_class=&#8221;center&#8221;]Per a més informació, podeu contactar amb nosaltres a través del nostre formulari, disponible a la pestanya Contacte. Preguem que ens indiqueu el vostre nom, número de telèfon, adreça de correu electrònic, nombre aproximat de convidats i la data de l’esdeveniment. Us respondrem tan aviat com puguem amb tota la informació.</p>
<p><i>Can Mora tanca dos dies entre setmana per descans, per aquest motiu de vegades no responem al telèfon.</i>[/vc_toggle][vc_empty_space][/vc_column][vc_column width=&#8221;1/2&#8243; css=&#8221;.vc_custom_1589890343122{background-image: url(https://www.canmoradedalt.com/wp-content/uploads/2020/05/bienvenida-de-Azulius.jpg?id=91) !important;background-position: center !important;background-repeat: no-repeat !important;background-size: cover !important;}&#8221;][vc_empty_space height=&#8221;300px&#8221;][/vc_column][/vc_row][vc_row][vc_column][vc_empty_space]
        <div class="row">
            <div class="col-md-12 custom-header">
                <h3>Galeria</h3>
                <h4></h4>
                
            </div>
            <div class="vertical-line"></div>
        </div>
        [vc_empty_space][/vc_column][/vc_row][vc_row full_width=&#8221;stretch_row_content_no_spaces&#8221;][vc_column][vc_media_grid gap=&#8221;0&#8243; grid_id=&#8221;vc_gid:1590313561228-a9c476cd-e7c7-6&#8243; include=&#8221;92,93,94,95,96,97,98,99,100,101,102,103,104,105&#8243;][/vc_column][/vc_row]</p>
</div>

<p>[vc_row][vc_column][vc_empty_space][/vc_column][/vc_row][vc_row equal_height=&#8221;yes&#8221; content_placement=&#8221;middle&#8221; css=&#8221;.vc_custom_1589879690567{background-color: #f2f2f2 !important;}&#8221;][vc_column width=&#8221;1/2&#8243; css=&#8221;.vc_custom_1590139000007{background-image: url(https://www.canmoradedalt.com/wp-content/uploads/2020/05/Ramo-novia-1.jpg?id=103) !important;background-position: center !important;background-repeat: no-repeat !important;background-size: cover !important;}&#8221;][vc_empty_space height=&#8221;300px&#8221;][/vc_column][vc_column width=&#8221;1/2&#8243; css=&#8221;.vc_custom_1590138837944{padding-top: 30px !important;padding-right: 30px !important;padding-bottom: 30px !important;padding-left: 30px !important;}&#8221;][vc_column_text] Can Mora t’ofereix el millor de la proximitat amb Barcelona en un entorn rural únic amb vistes al mar. Un lloc màgic per celebrar-hi el teu casament: una &hellip; <a href="https://www.canmoradedalt.com/ca/casaments-i-festes/" class="more-link">Continua llegint <span class="screen-reader-text">«Casaments i Festes»</span></a></p>
